 of a**5/20 + 2*a**4/3 + 3*a**3/2 - 29*a. Suppose -12 = 2*j - 0*j. List the prime factors of s(j).
2, 3
Let r(f) be the second derivative of -f**4/12 - 5*f**3/3 + 5*f**2/2 + 2*f. What are the prime factors of r(-8)?
3, 7
Suppose -3*j = -43 - 191. Let a = -79 + 111. List the prime factors of (-24)/a + j/8.
3
Let n(u) = u**3 - 4*u**2 + u + 1. Let z be n(3). Let h = z - -29. List the prime factors of h.
2, 3
Let k(m) be the second derivative of m**5/20 + 5*m**4/12 + m**3/2 + m**2/2 + 3*m. What are the prime factors of k(-3)?
2, 5
Let h(l) be the first derivative of -l**2/2 + 6*l - 1. What are the prime factors of h(4)?
2
Let k = 59 + -19. List the prime factors of k.
2, 5
Let u be (-5 + 4 + 5)/(-2). What are the prime factors of (-9)/6 - 103/u?
2, 5
Let b = -3 - -2. Let a(p) = -3*p. Let y be a(b). Suppose 5*z = 2*f + 2*z - 6, -4*f + 12 = y*z. List the prime factors of f.
3
Let a(z) = z + 4. Let h be a(-7). Let t(q) = q**3 + 6*q**2 + 6. Let p be t(-6). Let r = h + p. List the prime factors of r.
3
Suppose 5*m + j + j = -33, -2*m = -2*j + 2. Let a = 5 - m. List the prime factors of a.
2, 5
Suppose -n = 17 - 65. List the prime factors of n.
2, 3
Let w(t) = -2*t**2 - 11*t + 6. Let j be w(-6). Suppose 9*h - 6*h - 39 = j. What are the prime factors of h?
13
Suppose -144 = -5*q + 4*m, -45 = -2*q - 2*m + 9. What are the prime factors of q?
2, 7
Suppose -5*g = -2*d + 6*d + 2, 0 = -4*g - 2*d - 4. Let u(i) = -13*i + 2. List the prime factors of u(g).
2, 7
Let z(b) = 42*b + 8. List the prime factors of z(3).
2, 67
Suppose x + x = 3*c, 4*x = -c + 14. Suppose -7 + 1 = -c*z. List the prime factors of z.
3
Suppose -2*g = 2*g - 12. Let o(m) = 2*m. What are the prime factors of o(g)?
2, 3
Suppose 5*r - 11 + 1 = 0. Suppose 2*p = -10, p - 21 = -3*g - r*p. List the prime factors of g.
2, 3
Let x = 5 + -5. Suppose -9 = -g - 3*b, x*b + 2*b - 9 = -g. List the prime factors of g.
3
Let m be ((-8)/(-10))/((-1)/(-5)). Suppose -m*o = 5*p - 140, -2*o + 84 = 3*p - 4*o. What are the prime factors of p?
2, 7
Let p be ((-6)/(-12))/(2/24). List the prime factors of 22/p - (-1)/3.
2
Suppose 0 = s - 2 + 6. Let x = s - -11. List the prime factors of x.
7
Suppose -6*h + 13*h - 385 = 0. List the prime factors of h.
5, 11
Let x be 2*(-11 + 1) - -2. Let q be (-346)/x - 4/18. Let w = -11 + q. List the prime factors of w.
2
Let a(i) = -i**3 + 13*i**2 - 12*i + 5. Let w be a(12). Suppose -m + b + 42 = -b, -3*m + w*b = -121. What are the prime factors of m?
2
Let j be ((-1)/2)/((-1)/(-8)). Let z = j + 6. Suppose 2*u + z = 4*m, -2*u - 5*m = -5*u + 2. What are the prime factors of u?
3
Suppose -u - 2 + 10 = 0. List the prime factors of (-194)/(-7) + u/28.
2, 7
Let s(h) = -h**3 + 5*h**2 - h + 4. What are the prime factors of s(4)?
2
Let k(m) = m**2 + m - 2. What are the prime factors of k(-7)?
2, 5
Let g = -71 + 137. What are the prime factors of g?
2, 3, 11
Let a be ((-3 - -2) + 0)/1. Let h be a/(-2)*(-4)/(-2). Let q = h + 2. List the prime factors of q.
3
Let t(o) = 33*o**2 + 2*o. What are the prime factors of t(-2)?
2
Let a = 3 - 43. Let v = 15 - a. Suppose -3*r + 3 = 0, -4*q + 0*q + v = -5*r. List the prime factors of q.
3, 5
Suppose 2 - 14 = -3*i, 5*k - 2*i = 92. List the prime factors of k.
2, 5
Suppose -4*p - 50 = -166. Let h = -2 + p. List the prime factors of h.
3
Let f = -4 + 16. List the prime factors of f.
2, 3
Let q(a) = -3*a - 1. Let r be q(-1). Suppose 5*n = j + 16, -r*j + 7*j - 55 = -2*n. Suppose -5*h - 5*u = -49 + j, -5*h = u - 36. What are the prime factors of h?
7
Suppose 25 = -5*m - h, -2*m + h + 3*h = -12. Let g(r) = 1. Let s(u) = 2*u**2 - 4*u + 1. Let n(d) = m*g(d) + s(d). What are the prime factors of n(4)?
13
Suppose -2*f - 3 = -7. Let n = f - -22. List the prime factors of n.
2, 3
Suppose -2*b = -4, 5*b = 4*s - 1 - 1. Suppose 7 = -f - s*j - 3, -4*f + 2*j = -16. What are the prime factors of f?
2
Let f(z) = 4*z**2 + 3*z - 31. Let i(r) = 3*r**2 + 2*r - 21. Let s(c) = -5*f(c) + 7*i(c). What are the prime factors of s(6)?
2, 19
Let z = -22 - -39. Suppose 1 = -v + c + z, -v + 31 = 4*c. What are the prime factors of v?
19
Let k(x) = x**2 - 3*x - 2. Let q be k(5). Let l = 6 - q. List the prime factors of ((-5)/(-10))/(l/(-12)).
3
Let x be (1/2)/((-2)/(-48)). Let g be (-75)/4 + 9/x. Let l = -7 - g. What are the prime factors of l?
11
Let o(s) = s + 12. Let v = 0 + -2. Let d = v + 2. List the prime factors of o(d).
2, 3
Suppose 4*o = 2*u - 8, -o - 3 = 2*o. Let m(i) be the second derivative of i**4/4 + i**3/6 + i**2/2 - i. List the prime factors of m(u).
3, 5
Let a(i) = i**2 + 3*i - 10. Let s = 6 + -14. List the prime factors of a(s).
2, 3, 5
Suppose 0 = -4*d + 7*d. Suppose d = v - 1, -4*f - 5 = 4*v - 93. Suppose -5*h + f = -89. What are the prime factors of h?
2, 11
Suppose -l + 14 = l - 2*y, -4*l - 5*y = -28. Suppose l = a + 2. List the prime factors of a.
5
Let i = -12 + 20. Suppose -c + 2*m + 6 = 0, -5*m = -17 - i. What are the prime factors of c?
2
Let n = 15 + 0. Let k = n + -8. Suppose 3*g - 61 = -k. List the prime factors of g.
2, 3
Let i be (-4)/6 - 5/(-3). Suppose 3*v = -u - 0 + i, -4*u + 48 = v. List the prime factors of u.
13
Let u = 8 - 4. Let j(v) = -2*v**2 + 6*v. Let s be j(u). Let z(t) = -t**2 - 8*t + 8. What are the prime factors of z(s)?
2
Let u(m) = m**3 - 9*m**2 + 12*m - 10. Let s be u(8). Suppose 0 = 5*v - 13 - s. What are the prime factors of v?
7
Let h = 634 + -357. List the prime factors of h.
277
Suppose 3*b + z = b - 6, 0 = -3*b - 4*z - 19. Suppose -21 = -l - 2*l. Let d = b + l. List the prime factors of d.
2, 3
Suppose 0 = 4*m - 3 - 5. Let h be 21/6 - 1/m. Suppose h*q = -0*q + 21. What are the prime factors of q?
7
Let x(g) = 2*g**2 + 7*g - 3. What are the prime factors of x(-6)?
3
Let b(g) = -g**2 + 7*g + 8. Let s be b(8). Suppose s*t + 2*t - 4*i = 2, 0 = -5*t - 2*i + 53. Suppose 4*v - t - 7 = 0. List the prime factors of v.
2
Let r be ((-9)/6)/((-1)/(-4)). Let y = r - -22. What are the prime factors of y?
2
Let t = -20 + 20. Suppose -24 = -z - 3*h + 19, t = 5*z + h - 271. What are the prime factors of z?
5, 11
Let i(x) = 2*x + 3. Let c be 1/2 - (-102)/12. What are the prime factors of i(c)?
3, 7
Suppose -2*y = -112 - 40. List the prime factors of y.
2, 19
Let r(l) = -2*l - 2. Suppose 3*n = 5*n + 14. List the prime factors of r(n).
2, 3
Let k(w) be the first derivative of -11*w**2/2 + 1. Let g be -5 + -1 + (-100)/(-20). What are the prime factors of k(g)?
11
Let a = -97 - 5. Let c = -70 - a. What are the prime factors of c?
2
Suppose -2*z + 5*z + 12 = 0. Let d = 9 + z. Suppose -d = -0*k - k. List the prime factors of k.
5
Suppose -l - 4*l + 10 = 0. Let q be (-72)/(-2) - (2 + -2). Suppose 5*s = -3*c + q, -24 = -3*s + l*c - 3*c. List the prime factors of s.
3
Let r(o) = -o**2 + 10*o - 3. Let g(d) be the first derivative of -d**3/3 - d**2/2 + d + 4. Let s(p) = 2*g(p) - r(p). List the prime factors of s(-11).
2
Let j be (-2)/(-8) + 217/28. List the prime factors of 96/j*3/4.
3
Let p(q) = -q**2 - 14*q - 12. Let g be p(-13). Let z = g - -2. What are the prime factors of z?
3
Let m(q) = 5*q**2 + q - 3. Let b(d) = 2 - 2*d + 3*d**2 + 2 + d - 7*d**2. Let u(w) = 2*b(w) + 3*m(w). What are the prime factors of u(1)?
7
Let d(i) = i**3 + 9*i**2 - i - 11. Let x be d(-9). What are the prime factors of (-40)/(-12) + x/6?
3
What are the prime factors of 2/(2*3/66)?
2, 11
List the prime factors of (-3 + (-8)/(-12))/(3/(-162)).
2, 3, 7
Let p(k) = 2*k**2 + 2*k - 2. Let h be p(-2). What are the prime factors of 10/h*(-1 + 2)?
5
Let l(h) = -h + 19. List the prime factors of l(7).
2, 3
Let b(l) = 3*l**2 - 3*l**3 - 2 - 5*l**2 + 2*l + 5. Let u be b(-2). Suppose -5*q + u = -2*q. List the prime factors of q.
5
Let t(k) = -k**3 - 5*k**2 - 4*k - 5. Let b be t(-5). Suppose 2 = r - b. List the prime factors of r.
17
Suppose -4*u = -4*a - 8, 3*a + 4*u - 4 = 2*u. Suppose a*t - 28 = -4*t. What are the prime factors of t?
7
Let b be 6 + (0 - -1)/(-1). Let f = b + 1. What are the prime factors of f?
2, 3
Let h = -23 + 23. Suppose h*m + 90 = 2*m. List the prime factors of m.
3, 5
Let w(f) = f - 1. Let r be w(5). Suppose 0 = 3*n + 3*q - 42, -2*n + r*q + 7 + 39 = 0. Let s = n - 8. What are the prime factors of s?
3
What are the prime factors of (-38 - 2)/2*-2?
2, 5
Let r = -8 - -6. Let v